omposite number?
False
Let p(c) be the first derivative of c**3/3 - c**2/2 - 2*c - 4. Let v be p(1). Is 79*5*v/(-10) a composite number?
False
Let v(t) = -158*t**3 - t**2 + t + 1. Is v(-1) a composite number?
False
Let a(v) = v**2 - 6*v. Let h be a(7). Suppose -3*r = -5*g + 6, 3*r + h = -5*g + 1. Suppose g = -5*y + 1171 + 1114. Is y composite?
False
Let s(u) = 2302*u**2 - 197*u + 1. Is s(-4) composite?
True
Let h = 58 - 60. Suppose -5*g + 2*g = 3*f, -3*g - 4 = 5*f. Is h*(-2 - (-343)/f) a prime number?
True
Let x be (-10436)/(-2) + (-4 - -1). Suppose 21*s = 14*s + x. Is s prime?
False
Suppose -2 = 5*l + d, -4*l + 6*d - 2*d + 8 = 0. Suppose -r + 4*i - 3 - 2 = l, r + 3*i - 9 = 0. Suppose 0 = -0*u - u + r. Is u a prime number?
True
Let u(a) = -a**3 - 8*a**2 + 5*a + 10. Let z be u(-16). Suppose 2*x = z - 632. Is x prime?
True
Let b = 3227 + 7320. Is b composite?
True
Suppose 10*t = 227969 - 43179. Is t a composite number?
True
Suppose -b + 10 = 5*w, -12 = -2*b + 3*w - 5*w. Suppose 0 = -x - 3*o + 39, 3*x - b*o = 7*x - 170. Let t = x - -310. Is t a prime number?
False
Let z be 6/(-3)*1 - -8. Suppose 775 = z*r - 1757. Is r a prime number?
False
Suppose -3 = -2*y + y. Suppose y*o = 156 + 390. Let i = 57 + o. Is i prime?
True
Let o = 475 + 4546. Is o composite?
False
Suppose -2*a - 270 - 390 = 0. Let m = -233 - a. Is m a prime number?
True
Let c = -28 + 45. Suppose -3 = -4*a + c. Suppose a*s - 859 = 1051. Is s a composite number?
True
Suppose -3*s - 4*v = 16, -3*v = -4*v - 4. Suppose -3*d - d - 20 = s, -4*j - 4*d = -11088. Is j a prime number?
True
Suppose l = 4*n + 5, 5*n + 100 - 25 = -5*l. Let p(f) = -f. Let c(j) = -19*j + 3. Let y(s) = c(s) + 6*p(s). Is y(l) composite?
True
Let d(y) = 5*y**2 - 6*y - 2. Let m be d(7). Suppose -t = -2*q - m, -224 - 530 = -4*t - 2*q. Is t prime?
True
Suppose d - 13252 = 5*c, 5*d - 3*c - 36866 = 29372. Is d prime?
False
Let x(c) = -3*c**3 + 5*c**2 - 5*c. Let t be x(6). Let p = 716 + t. Is p a composite number?
True
Suppose 5*m + 64 = -2*s, -2*s - m + 25 = -3*s. Is (-6)/s - (-51785)/45 composite?
False
Suppose -d - 5 + 0 = 0, -5*b + 5*d + 4490 = 0. Suppose -14 - b = -w. Is w prime?
True
Suppose -182 = b - 9924. Suppose 4*x = 2*q - 4882, b = 4*q - 0*x + 3*x. Is q a composite number?
False
Let o(j) be the first derivative of -j**2/2 + j - 5. Let b be o(-4). Suppose g + 381 = b*c, 0*g = -5*c + 3*g + 373. Is c composite?
True
Is 2925/18 - 2/(-4) composite?
False
Let i(x) = 2 - 1 - 6 + 0*x**2 - 8*x - x**2. Let g be i(-7). Suppose 5*n = -3*f + 517, g*f + f - 557 = 5*n. Is f a prime number?
True
Let q(f) = 2*f**3 - 14*f**2 - 8*f - 10. Let o be q(11). Let s = -612 + o. Suppose 3*r + 5*v = 383, 4*v = 2*r + 6*v - s. Is r prime?
True
Let q be ((-3)/(-6))/(3*(-2)/(-2952)). Is ((-41)/(-3))/(2/q) composite?
True
Suppose 5*d + 10 + 16 = 4*h, 2 = -d. Suppose -5*o - 1 = h*r, -4*o + 9*o = r + 19. Suppose 2*z - 370 = -o*z. Is z prime?
False
Let c(t) = t**2 + 2*t - 12. Let u be c(-5). Suppose 2*j = -0*j - 2, 0 = -3*x + u*j + 618. Is x a composite number?
True
Let t = -9 - -9. Suppose t = 3*b - 24 + 141. Let f = b - -74. Is f a composite number?
True
Is ((-10)/4)/(252098/63028 - 4) a prime number?
False
Suppose -5*f - 4*g = -38307, -5*f + 37090 = 2*g - 1221. Is f a prime number?
False
Is ((0 + 6 + -4)*9371)/2 composite?
False
Let z(u) be the third derivative of -u**6/40 - u**5/20 - u**4/6 - u**3/6 + 6*u**2. Is z(-5) prime?
False
Let o = 9479 + -2574. Is o a prime number?
False
Suppose 23*o - 18*o = 150. Suppose 3*n - o = 759. Is n a composite number?
False
Suppose 0 = -3*y - 12, 2*x + 4*y + 2008 - 6606 = 0. Is x prime?
False
Let n(m) = -21*m + 1. Let j be n(1). Let r = j + 20. Suppose r*v + 163 = v. Is v a composite number?
False
Let v be (-1)/((-3)/(-3))*-843. Let w = -290 + v. Is w composite?
True
Let s(d) = 16 + 491*d - 9 - 10. Is s(2) prime?
False
Suppose -4*u = 79628 - 255664. Is u a composite number?
True
Let y be ((-1 - 33/9) + 3)*-114. Let i = y + 115. Is i prime?
False
Let i = 894 + -475. Is i composite?
False
Suppose -5*q + 63180 = -5*k, -q - 2*k + 12626 = -5*k. Is q composite?
False
Suppose 7*n - 2*n - 3*y + 2810 = 0, 0 = -n - 3*y - 580. Let v = -170 - n. Is v prime?
False
Let q(s) = s**3 + 5*s**2 - 2*s - 7. Let j be q(-5). Let h = -2643 - -3724. Suppose 3*l - 1224 = 5*x, j*l - h = -4*x + 170. Is l a prime number?
False
Is (-33242)/(-10)*(-230)/(-46) prime?
False
Suppose 3*n + 1713 = 333. Is n/(-8)*222/15 prime?
False
Let a be ((-5108)/8)/(5/(-30)). Suppose 9*q - 12*q = -a. Is q a composite number?
False
Suppose -3*t + 95879 = -f - 24021, -5*t = -2*f - 199835. Is t a prime number?
False
Let w be 12 - -1*(-4 - -2). Let s(v) = -v**3 + 10*v**2 + 9*v - 13. Is s(w) a prime number?
False
Let u(s) = -8*s + 14. Let f be u(10). Let r = -126 - f. Let t = r - -94. Is t composite?
True
Let y(h) = 150*h**2 + 2*h - 1. Let m be y(1). Suppose 0 = -0*d + 5*d + 370. Let t = d + m. Is t a composite number?
True
Let n be 3 + 6 - 6 - (0 + -4). Suppose 0 = n*c - 3*c - 1652. Is c a prime number?
False
Let x(u) = -3038*u**3 + 5*u**2 + 2*u. Is x(-1) composite?
False
Let q be (2 - -2) + -8 + -2. Let l(b) = -34*b - 25. Is l(q) prime?
True
Let t(g) = 3*g - 15. Let x be t(7). Is 2/x - 223360/(-96) a prime number?
False
Suppose -b + 247 = 5*y, 6*y + 1208 = 5*b + 4*y. Let n = 624 - b. Is n a composite number?
True
Suppose -10*l + 7139 + 12591 = 0. Is l a composite number?
False
Suppose -5*w + 42 = -7*w. Let s be 11/3 - (-14)/w. Is ((-1)/s)/((-9)/2619) prime?
True
Let h = -77 - -84. Suppose 0 = 13*f - h*f - 4002. Is f a prime number?
False
Suppose 3*y + 8 = -5*p, -p + 0 = 5*y - 16. Suppose 230 = y*i - 1118. Is i composite?
False
Suppose -6 + 2 = -2*r. Suppose 0 = 3*w - r*w - 203. Is w composite?
True
Suppose 3*k = 4*s - 4 + 2, 4*s = -3*k + 38. Let y = k - 6. Suppose 4*u + y*n - 6150 = -2*n, -4*u = -2*n - 6130. Is u a composite number?
True
Let v = 10557 - 1654. Is v a composite number?
True
Suppose -3*r + 6*r = 5*g - 13724, 3*g + 3*r = 8244. Let b = g - 1175. Is b prime?
True
Let d(q) = -2413*q. Is d(-1) a composite number?
True
Let h = 12 + -6. Suppose -h*k + 4315 = -11741. Suppose -8*x = -4*x - k. Is x a prime number?
False
Let b(l) = 2 - 4*l**3 + 4*l**3 - 2*l**3 + 6*l**3 - 8*l**2. Let s be b(6). Let z = s + -331. Is z composite?
True
Suppose -i - 39475 = -5*w - 3*i, w - 3*i - 7912 = 0. Is w prime?
False
Let a(c) = c**3 + 11*c**2 - c + 8. Let i be a(-9). Suppose r + 17 = i. Suppose 5*h - r = 1333. Is h a prime number?
False
Suppose 152*o - 169*o = -17969. Is o a prime number?
False
Let d = 2993 - 1770. Is d a prime number?
True
Let l be 4 - (7 + -4 + -4). Suppose l*r = -y + 1143, -3*y - 5*r + 5635 = 2*y. Is y composite?
False
Let c = -1414 + 2235. Is c a composite number?
False
Suppose 3*c = -2*d + 1544 + 13897, d = 3*c - 15441. Is c composite?
False
Let v = 13 + -13. Suppose o - 6*o = v. Is o - (-2 + 4 - 165) a prime number?
True
Suppose 8636 = 54*p - 50*p. Is p a composite number?
True
Is 0 - 5 - (-20 + -19104) a composite number?
True
Is (-63)/(-7) + -9 - -3287 a prime number?
False
Suppose -5*n = -4*f - 11, -5*n = -3*f - 2*f - 15. Is 60246/66 + f/(-22) prime?
False
Suppose -2*f = 0, 2*j - 2 = 3*f + 190. Suppose 4*x = x + j. Let y = x + -1. Is y composite?
False
Is 8*(0 - 1)*(-298)/8 a prime number?
False
Let r be (2 + -1)*(-14)/14. Let v(o) = -4*o**2 - 1. Let i be v(r). Is (-1)/((20/356)/i) a prime number?
True
Let o be (-21)/7 + (4178 - 2). Suppose 4*l = -16, -5*f - 4*l + o + 5556 = 0. Is f a composite number?
False
Let y = 14255 - 9015. Let w be (3/(-6))/((-2)/y). Is (54/45)/(4/w) prime?
False
Let x be (-2)/(-5) + 26/10. Let u be (3/1 - x) + 11. Suppose -u*p + 8*p + 30 = 0. Is p a prime number?
False
Is (-13848)/(-10) - 0 - (-14)/70 prime?
False
Is 32/(-12) - 3/9 - -49106 a prime number?
True
Let p(h) be the first derivative of 2*h**3/3 - 9*h**2/2 - 18*h + 23. Is p(13) a composite number?
True
Suppose 0 = 3*f + 9, 6*d = d + 3*f + 24. Let o(x) = -12*x**2 + 10*x - 1. Let a(r) = r**2 - r. Let u(h) = -6*a(h) - o(h). Is u(d) a composite number?
False
Let h(d) be the first derivative of -11 + 9/2*d**2 + 4*d. Is h(9) composite?
True
Let j(a) = a**3 - 11*a**2 + 13*a - 9. Let n(o) = -2*o - 18. Let q(v) = -14*v**2 - v - 1. Let c be q(-1). Let m be n(c). Is j(m